, 347
What are the prime factors of 240663?
3, 80221
List the prime factors of 304619.
7, 43517
List the prime factors of 380516.
2, 251, 379
What are the prime factors of 7228934?
2, 1033, 3499
What are the prime factors of 336839?
167, 2017
What are the prime factors of 301644?
2, 3, 7, 19
List the prime factors of 2324311.
11, 23, 9187
What are the prime factors of 642090?
2, 3, 5, 17, 1259
What are the prime factors of 25050?
2, 3, 5, 167
List the prime factors of 1046398.
2, 71, 7369
What are the prime factors of 3548506?
2, 13, 136481
What are the prime factors of 1951395?
3, 5, 19, 41, 167
List the prime factors of 2965626.
2, 3, 54919
What are the prime factors of 4623156?
2, 3, 19, 751
What are the prime factors of 11218941?
3, 769, 1621
List the prime factors of 104572.
2, 13, 2011
What are the prime factors of 1229010?
2, 3, 5, 71, 577
List the prime factors of 9736400.
2, 5, 101, 241
What are the prime factors of 16220768?
2, 506899
List the prime factors of 225100.
2, 5, 2251
List the prime factors of 930091.
641, 1451
List the prime factors of 48649.
48649
List the prime factors of 1195998.
2, 3, 53, 3761
List the prime factors of 6801.
3, 2267
What are the prime factors of 182651?
7, 97, 269
List the prime factors of 39119.
39119
What are the prime factors of 332087?
7, 47441
What are the prime factors of 293322?
2, 3, 19, 31, 83
List the prime factors of 16456638.
2, 3, 11, 23, 37, 293
What are the prime factors of 28322307?
3, 13, 67, 3613
What are the prime factors of 1823821?
103, 17707
What are the prime factors of 504050?
2, 5, 17, 593
List the prime factors of 8414094.
2, 3, 13, 107873
What are the prime factors of 130029?
3, 89, 487
What are the prime factors of 2669739?
3, 353, 2521
List the prime factors of 3108508.
2, 13, 59779
What are the prime factors of 168631?
168631
What are the prime factors of 998184?
2, 3, 11, 19, 199
List the prime factors of 2252339.
67, 33617
List the prime factors of 3201816.
2, 3, 71, 1879
What are the prime factors of 116925?
3, 5, 1559
List the prime factors of 30677469.
3, 17, 23, 26153
What are the prime factors of 17828552?
2, 7, 45481
What are the prime factors of 21246?
2, 3, 3541
List the prime factors of 566325.
3, 5, 839
List the prime factors of 1931476.
2, 67, 7207
List the prime factors of 12411849.
3, 149, 27767
List the prime factors of 157458.
2, 3, 7, 23, 163
List the prime factors of 21284423.
21284423
What are the prime factors of 442152?
2, 3, 23, 89
List the prime factors of 673782.
2, 3, 112297
List the prime factors of 252338.
2, 281, 449
What are the prime factors of 5245911?
3, 11, 17, 1039
List the prime factors of 5096739.
3, 1698913
What are the prime factors of 633887?
67, 9461
List the prime factors of 12698561.
31, 41, 97, 103
List the prime factors of 3280747.
3280747
List the prime factors of 7184059.
7184059
What are the prime factors of 5141654?
2, 7, 367261
List the prime factors of 577946.
2, 288973
What are the prime factors of 23854?
2, 11927
What are the prime factors of 4314451?
4314451
What are the prime factors of 3735461?
17, 29, 7577
What are the prime factors of 8963454?
2, 3, 17, 87877
List the prime factors of 9729378.
2, 3, 61, 8861
List the prime factors of 14739124.
2, 3684781
What are the prime factors of 1090361?
23, 47407
List the prime factors of 19911505.
5, 17, 433, 541
What are the prime factors of 6246593?
23, 31, 8761
List the prime factors of 2516863.
2516863
List the prime factors of 1251036.
2, 3, 19, 31, 59
List the prime factors of 12853616.
2, 79, 10169
What are the prime factors of 13249816?
2, 1656227
What are the prime factors of 161445?
3, 5, 47, 229
List the prime factors of 13746465.
3, 5, 305477
List the prime factors of 3979286.
2, 1989643
List the prime factors of 4144102.
2, 103, 20117
What are the prime factors of 1109272?
2, 313, 443
List the prime factors of 37336.
2, 13, 359
What are the prime factors of 5035455?
3, 5, 149, 751
What are the prime factors of 2124235?
5, 17, 67, 373
What are the prime factors of 482406?
2, 3, 37, 41, 53
List the prime factors of 2383340.
2, 5, 269, 443
List the prime factors of 742327.
742327
What are the prime factors of 6725828?
2, 241, 6977
List the prime factors of 14290408.
2, 11, 162391
What are the prime factors of 24059062?
2, 12029531
List the prime factors of 9041151.
3, 7, 263, 1637
What are the prime factors of 473878?
2, 41, 5779
What are the prime factors of 1814701?
7, 41, 6323
List the prime factors of 21393.
3, 2377
What are the prime factors of 2248390?
2, 5, 151, 1489
List the prime factors of 1346504.
2, 37, 4549
What are the prime factors of 393350?
2, 5, 7867
What are the prime factors of 38124?
2, 3, 353
List the prime factors of 16541844.
2, 3, 11, 113, 1109
What are the prime factors of 1246295?
5, 53, 4703
List the prime factors of 25540520.
2, 5, 191, 3343
What are the prime factors of 921937?
19, 48523
What are the prime factors of 12041206?
2, 29, 31, 37, 181
What are the prime factors of 943084?
2, 19, 12409
What are the prime factors of 803072?
2, 3137
What are the prime factors of 26998916?
2, 7, 101, 9547
List the prime factors of 222662.
2, 11, 29, 349
What are the prime factors of 11074251?
3, 103, 35839
What are the prime factors of 1731308?
2, 419, 1033
What are the prime factors of 4379333?
7, 41, 15259
List the prime factors of 430664.
2, 13, 41, 101
What are the prime factors of 3359584?
2, 104987
List the prime factors of 16967.
19, 47
List the prime factors of 113935.
5, 22787
List the prime factors of 182491.
41, 4451
What are the prime factors of 215070?
2, 3, 5, 67, 107
List the prime factors of 22502624.
2, 151, 4657
List the prime factors of 2823268.
2, 7, 59, 1709
List the prime factors of 240142.
2, 7, 17, 1009
List the prime factors of 361924.
2, 90481
List the prime factors of 4532248.
2, 7, 80933
What are the prime factors of 276339?
3, 7, 13159
What are the prime factors of 2414726?
2, 1207363
List the prime factors of 787969.
7, 13, 1237
What are the prime factors of 35615080?
2, 5, 890377
List the prime factors of 4011960.
2, 3, 5, 67, 499
List the prime factors of 1881868.
2, 29, 16223
What are the prime factors of 1728552?
2, 3, 7, 10289
List the prime factors of 6735310.
2, 5, 19, 35449
What are the prime factors of 274126?
2, 41, 3343
List the prime factors of 1462982.
2, 89, 8219
List the prime factors of 538773.
3, 179591
List the prime factors of 481701.
3, 11, 1327
What are the prime factors of 1148090?
2, 5, 114809
List the prime factors of 2529391.
2529391
List the prime factors of 270470.
2, 5, 17, 37, 43
What are the prime factors of 1019884?
2, 254971
What are the prime factors of 2145921?
3, 197, 3631
What are the prime factors of 4424699?
4424699
What are the prime factors of 232828?
2, 58207
List the prime factors of 19770067.
43, 211, 2179
What are the prime factors of 420105?
3, 5, 7, 4001
List the prime factors of 4241091.
3, 101, 13997
List the prime factors of 1989308.
2, 211, 2357
List the prime factors of 1990462.
2, 17, 58543
What are the prime factors of 66554?
2, 107, 311
What are the prime factors of 39306?
2, 3, 6551
What are the prime factors of 52093?
113, 461
List the prime factors of 5371737.
3, 7, 19, 13463
What are the prime factors of 112327?
112327
List the prime factors of 1666339.
1666339
What are the prime factors of 6379151?
6379151
List the prime factors of 2466188.
2, 616547
List the prime factors of 867916.
2, 7, 139, 223
What are the prime factors of 1147972?
2, 7, 5857
What are the prime factors of 9766994?
2, 397, 12301
What are the prime factors of 106954?
2, 53, 1009
List the prime factors of 3325694.
2, 181, 9187
List the prime factors of 12336298.
2, 13, 617, 769
List the prime factors of 3636.
2, 3, 101
List the prime factors of 889173.
3, 31, 3187
List the prime factors of 340572.
2, 3, 101, 281
What are the prime factors of 6344933?
7, 139, 6521
What are the prime factors of 4460062?
2, 41, 109, 499
List the prime factors of 1371522.
2, 3, 228587
List the prime factors of 314580.
2, 3, 5, 7, 107
List the prime factors of 18294479.
7, 43, 60779
List the prime factors of 2896390.
2, 5, 7, 23, 257
List the prime factors of 224534.
2, 131, 857
What are the prime factors 